- 3 + 15*k. Determine m(g).
4
Let n(h) = h + 2. Suppose -2*m + 2*s + 14 = 0, -3*m + s = -6*m + 9. Suppose x - 2*x - m = 0. Determine n(x).
-2
Let r(l) = 0 + 2*l + l**2 - 8*l - 3. Suppose 4*j - 36*d + 37*d - 33 = 0, -11 = -3*j + 2*d. Determine r(j).
4
Suppose 4*z = 5*a + 22, 5*z + 0*z = 4*a + 23. Let b(y) = y**3 - 5*y**2 + 6*y + 2. What is b(z)?
2
Let r(d) = -2*d**3 - 31*d**2 - 16*d - 12. Let w be r(-15). Let a(l) = l**2 + 1913 - 1912 + 3*l**w - 3*l**2. Give a(1).
2
Let s be 94/18 - 2/9. Suppose s*d - 2*t = 2*d + 18, -4*d + 41 = 3*t. Let j(w) = 2*w - 9. Let p be j(d). Let a(b) = -b**3 + 8*b**2 - 8*b + 10. Calculate a(p).
3
Suppose -4*s = 4 + 8. Let j(y) = -5*y**2 - 2*y - 1. Let c(x) = -8*x**2 - 4*x - 3. Let r(d) = 3*c(d) - 5*j(d). Determine r(s).
11
Let o(j) = 0 - j - 1 + 13*j**2 - 16*j**2. Give o(-1).
-3
Let n(h) = h**3 + 10*h**2 - 10*h + 10. Suppose -34*s = -23*s + 121. Determine n(s).
-1
Let x be (-2)/7*(8 + 13 + -14). Let r(f) = f**2 + 8*f + 12. Determine r(x).
0
Let n(r) = 3*r - 4. Suppose 4*m = -m + 70. Let j be (2 - (-2 + 1)) + m. Let d = -13 + j. What is n(d)?
8
Let x(n) be the second derivative of -n**4/3 + n**3 - 3*n**2/2 - 14*n. Let a(k) = 11*k**2 - 17*k + 8. Let d(g) = 3*a(g) + 8*x(g). What is d(3)?
0
Let i(l) = l**3 + 2*l**2 - 29*l - 5. Let h be i(0). Let k(r) = r**3 - 2*r**2 - 1. Let w(a) = a**2 - a. Let n(f) = -k(f) - 6*w(f). What is n(h)?
-4
Let i(a) be the second derivative of -2*a**3/3 + a**2/2 - 167*a. Give i(2).
-7
Let s = 736 - 750. Let q(l) = -l**3 - 14*l**2 - 2*l - 18. What is q(s)?
10
Let t(i) = 6*i**2 + 1. Suppose -2*r - 11 = -3. Let p = 8 + r. Suppose 0 = -4*m - 0*m - p. Calculate t(m).
7
Let j(o) be the second derivative of 7*o**3/6 + 3*o**2 - 15*o. Give j(-2).
-8
Let z(v) be the first derivative of -4*v**5/15 + v**4/12 + v**3/6 + 4*v**2 - 3. Let y(u) be the second derivative of z(u). Give y(-1).
-17
Let t be 10 + (4 - 3)*(0 + -4). Let c(x) = x. Determine c(t).
6
Let m(s) = s + 4*s + 7*s + 2*s. Let i(r) = -5*r. Let o(z) = -11*i(z) - 4*m(z). What is o(4)?
-4
Let x(v) = 21*v + 3. Let z = -920 + 921. Give x(z).
24
Let r(u) = -7*u**2 + 2*u**3 + 0*u + 7*u - 1 + 0*u**3 - u**3. Let f = 12 - 6. What is r(f)?
5
Suppose -t = -2*t + 4. Suppose 2*b - t*q = -b - 11, -2*b + 5*q - 5 = 0. Let u(l) be the second derivative of l**3/6 + 3*l**2/2 - 18*l. What is u(b)?
-2
Suppose -2*y = 3*i - 5, i - 4*y + 0*y - 25 = 0. Suppose -4*f + 4*q - 8 = -28, -2*f - i = 3*q. Let n(k) = 5*k + 6*k**f - 7*k**2 + 3*k - 3 + 1. Calculate n(6).
10
Let p(a) be the first derivative of -a**2/2 + a + 93. Calculate p(2).
-1
Let v(u) = 37*u - 23 + 31*u + 22*u**2 - u**3 - 139*u + 51*u. What is v(21)?
-2
Let n(y) = y - 6. Let x(d) = 2*d. Let v be x(1). Let i(m) = -9*m + 60. Let p(f) = v*i(f) + 21*n(f). Calculate p(4).
6
Let q(p) = p - 2. Let t(d) = d - 2. Let l(s) = -q(s) - t(s). Calculate l(-7).
18
Let v(l) be the first derivative of -l**5/40 - l**4/24 + 3*l**3 - 19. Let d(c) be the third derivative of v(c). Determine d(1).
-4
Suppose 3*p - 4*x = -5, 4*p + 5 = -x + 6*x. Suppose -p*a + 7 + 10 = -4*o, 2*o - 3*a = -11. Let q(m) = 4*m**2 - 1. Calculate q(o).
15
Let y(n) = 2*n**2 - 33*n + 139. Let d be y(10). Let f(w) = w - 17. Calculate f(d).
-8
Let m = 396 + -391. Let h(b) = -b**2 + 8*b - 8. Determine h(m).
7
Let j(c) = 4*c + 6. Let p(l) = 5*l + 2*l + 2 + 9. Let n = 753 + -756. Let y(b) = n*p(b) + 5*j(b). What is y(-6)?
3
Let h(x) = -4*x + 23. Suppose -15*p + 35*p - 120 = 0. What is h(p)?
-1
Let r(f) be the first derivative of -13/4*f**4 - 6 - f - f**2 - 2/3*f**3. Suppose 0 = -2*x + 2, -3*v + 4*x = -7*v. Calculate r(v).
12
Suppose 7 + 8 = 3*n. Suppose -5*t - 3*a + 25 = 0, 0 = -a + 5. Let h(c) = 2*c**2 - 85 + 5*c + 171 - 93 - 3*c**t. What is h(n)?
-7
Suppose -3 = -u - 1. Let d(i) = -i**3 + 14*i**2 - 7*i**2 - 4 - 11*i**u - 4*i. What is d(-3)?
-1
Let v(k) be the second derivative of 0*k**2 + 0*k**3 + 0 - 1/2*k**4 + 9*k. Calculate v(-1).
-6
Suppose -29*w + 9 + 165 = 0. Let a(s) = s**2 - 5*s - 10. Give a(w).
-4
Let z(n) = 12*n + 14. Let i(b) = -b - 1. Let t(g) = -22*i(g) - 2*z(g). Let v be (1/(-2))/(9/72). What is t(v)?
2
Let s(c) = -c**3 + 11*c**2 - 11*c - 5. Let a be -25*(-9)/(315/14). What is s(a)?
-15
Let q(w) = -w**2 - w. Suppose -2*i - 3 = i. Let z be 3 + (2 - 4) - 3. Let t(r) = -r + 1. Let d(f) = i*q(f) + z*t(f). Determine d(-3).
-2
Let x(n) = 10 + 3 + 0 + n**2 - 11*n. Let a be x(9). Let g(b) be the third derivative of -b**4/24 - 5*b**3/6 - b**2 - 259. Calculate g(a).
0
Let f(s) be the third derivative of s**4/12 - s**3/6 - 31*s**2. Let r(i) = 3*i**3 - 2*i**2 - 2*i + 3. Let b be r(2). Suppose -b = 4*z - 9*z. Determine f(z).
5
Let g(q) = -8*q - 2*q**3 + 456 + 13*q**2 + 3*q - 460. Calculate g(6).
2
Let y(i) be the second derivative of 0*i**3 - 1/12*i**4 - 13/2*i**2 + 0 + i. Determine y(0).
-13
Suppose 1 = a + 4*k + 3, -5*a + k = 10. Let v(g) be the first derivative of 4*g**3/3 + g**2 - g + 50. What is v(a)?
11
Suppose 0 = -l - 0 - 5. Let t(h) = h + 2. Let y(m) = 4*m + 3. Let q(v) = 5*t(v) - y(v). Let c be q(l). Let d(a) = a**3 - a**2 + a - 2. Give d(c).
4
Suppose 0 = 14703*y - 14713*y + 90. Let q(m) = -7*m + 5. Give q(y).
-58
Let w(j) be the third derivative of 1/120*j**6 + 0*j + 1/12*j**5 + 1/24*j**4 + 0 - 3*j**2 - 1/2*j**3. What is w(-4)?
9
Let f be -4 + 3 - (-3 + 1). Let w(y) = -f + 3*y + 2*y - 3*y + 0. Calculate w(-2).
-5
Let g be 40/(-30)*3*5/(-10). Let r(t) = -t**2 - 4*t + 2. Determine r(g).
-10
Let f(q) = q - 4. Let j(r) = r. Let p be j(-1). Let a be f(p). Let w(u) = u**2 + 6*u - 1. What is w(a)?
-6
Let v(f) = -f + 0 + 1 - 2*f**2 + 0*f**2. Let p = -46 - -53. Suppose -x + 1 = 4*l, -5*l + x + p = -1. Calculate v(l).
-2
Suppose 3 = -g + 3*z - z, 3*z = -g + 17. Suppose s + g*x = -0 - 8, 4*s + 4*x = 0. Let y(p) = 1275*p - 2557*p + 1279*p. Determine y(s).
-6
Let g(u) = 3*u**2 - 18*u + 42. Let v(y) = -4*y**2 + 17*y - 45. Let x(z) = 3*g(z) + 2*v(z). Determine x(18).
0
Let h(i) be the third derivative of -i**6/240 + i**5/24 - 17*i**4/12 + 13*i**2. Let o(m) be the second derivative of h(m). What is o(4)?
-7
Let h(r) = 4*r - r**2 + 2*r**3 + 4*r**3 + 3*r**2 - 3*r**3. Let p(n) = -n**3. Let u(w) = -h(w) - 4*p(w). Give u(3).
-3
Let r be (2 - 6)*15/(-12). Suppose 11 = -p + r*f, -2*f = 3*p - 6*p + 6. Let v(w) = w**2 - 4*w + 2. Determine v(p).
2
Let x(c) = -c**3 - c**2. Let q be x(-1). Let r be (-10)/(-4)*(q + 2). Let b(i) = -4*i**2 - 3*i**2 + i**3 + 968 - 974 + i + 2*i**2. Give b(r).
-1
Let l(k) be the first derivative of -8*k**3 - k**2/2 - 37. What is l(-1)?
-23
Let g(l) be the third derivative of 0 - 1/60*l**5 + 0*l + 1/24*l**4 - l**2 + 5/6*l**3. Suppose 7*a + 44 = 18*a. Give g(a).
-7
Let c be (7/7)/(2 + -1). Let k(g) = -3*g + 8*g**2 - c + 5*g**2 - 14*g**2 + 3*g**3 - 4*g**3. Give k(-2).
9
Let h(t) = 2*t**2 + 7*t. Let o = 155 + -160. Calculate h(o).
15
Suppose 33 = 2*q + 35. Let v(w) = 4*w**2 - 6*w - 5. Let f be v(q). Let h(r) = -r**3 + 5*r**2 - r + 4. What is h(f)?
-1
Let r be 0/((0 + 2)/1). Let s(b) be the first derivative of -b**5/60 - b**4/24 + b**3/2 + 3*b**2 + 2. Let f(p) be the second derivative of s(p). Give f(r).
3
Let i(v) = 2*v + 9. Let x(f) = -3*f - 10. Let c(u) = -5*i(u) - 4*x(u). Let p(b) = b**2 + 4*b - 1. Let m be p(-5). Give c(m).
3
Let t(x) be the first derivative of x**3/3 - x**2/2 + 15*x + 1. Let j be (7 - 15)*((-1)/2 - 1). Suppose -8 = p + 5*w + 7, 2*p - 4*w = j. Give t(p).
15
Let o(y) be the second derivative of 0 - 2*y + 1/2*y**2 - 1/2*y**3. Let w = 112 + -110. Calculate o(w).
-5
Let z = 1289 + -1295. Let c(q) = -6*q - 40. What is c(z)?
-4
Let w = 39 - 36. Let g be w/4 + 105/20. Let i(o) = o**3 - 6*o**2 + o - 7. Determine i(g).
-1
Let c(v) = -108*v - 107*v - 105*v + 320*v - v**2 - 1. Determine c(4).
-17
Let l be 2/9 - (208/(-36) + 3). Let y(q) = q**2 + 9 + l - 10 + 14. Calculate y(0).
16
Let d(h) be the third derivative of h**5/15 - h**4/8 - 16*h**2 + 5. Calculate d(3).
27
Let b(v) = v**2 - v + 6. Let t(w) = -471*w + 1. Let j be t(-1). Let p be 4/(-26) + j/26. Let c = 18 - p. Give b(c).
6
Let n = 25 + -21. Let f(v) = 8 - 1 - n*v + 0*v - 2. Let w be f(2). Let r(k) = -k**3 - 5*k**2 - 2*k + 2. Give r(w).
-10
Suppose -11*q + 33 = -132. Let t(n) = -2*n**2 - 15*n**2 + q*n**2 - 10*n**2 + 16 + n - n**3. What is t(-12)?
4
Let a(i) = 4*i**2 - 5*i + 1. Let s(